+ -10)?
11
What is the remainder when 51 is divided by (-694)/(-18) + (-72)/(-162)?
12
Suppose -2*l - 3*y = -29 - 4, -5*l = -y - 57. What is the remainder when 75 is divided by 16 - l/(-8)*2?
18
Let k = 304 + -24. Suppose -k = -5*c + 5*g, -4*c + 3*g - 142 = -369. What is the remainder when c is divided by 16?
11
Let z = -535 - -1026. What is the remainder when z is divided by 55?
51
Suppose 0*p - 3*p = -69. Let w(u) = -u**3 - 2*u**2 + 18*u + 6. Let x be w(-7). Let b = 191 - x. What is the remainder when b is divided by p?
20
Let f = -430 - -438. What is the remainder when 142 is divided by f?
6
Suppose -2*i - 48 = -4*z + i, 5*z + i = 41. Suppose 4*a - 5*h - 944 = 0, -z*h = -6*h + 12. Calculate the remainder when a is divided by 18.
15
Calculate the remainder when 11 - 375/35 - (-1088)/14 is divided by 42.
36
Calculate the remainder when (25 + -223)*((-45)/(-10))/(-9) is divided by 2/3 + (-49)/(-3).
14
Suppose -2*q = -2 - 8. Suppose -5*x = -3*g - g + 71, 82 = q*g - 4*x. Let f = 9 + g. Calculate the remainder when f is divided by 13.
10
Let s = -44 + 59. Let c(x) = -x**3 + 6*x**2 - 3*x - 6. Let r be c(5). Suppose -71 = -r*g - s. Calculate the remainder when 25 is divided by g.
11
Suppose 19 = 4*i - 13. Let a be ((-11)/(-2))/(i/16). Suppose 5*f = l - 0*f - a, -4*l + 92 = -4*f. What is the remainder when l is divided by 10?
6
Suppose 212*u = 220*u - 1720. What is the remainder when u is divided by 23?
8
Suppose -4*l - 2*o = -6*l + 550, -10 = -5*o. Calculate the remainder when l is divided by 41.
31
Let q(k) = 20*k**2 + 15 - 3*k**3 + 11*k + 2*k**3 + 10*k. What is the remainder when 73 is divided by q(21)?
13
What is the remainder when -4 - -5 - -2*19 is divided by 10?
9
Suppose 0 = -3*t + 2*t - 2, x + t = 18. Calculate the remainder when 171 is divided by x.
11
Suppose 4*g + 4 = 0, -3*g = -5*x - 4*g + 239. Suppose 16*m - 8*m - x = 0. Calculate the remainder when 27 is divided by m.
3
What is the remainder when 574/7*21/6 is divided by 48?
47
What is the remainder when (-81)/(-15)*150/9 is divided by 75?
15
Let m(u) be the first derivative of 3*u**2 - u + 3*u - 2 + u**2 + 2*u**2. What is the remainder when m(5) is divided by 16?
14
Calculate the remainder when 114 is divided by (-34)/(-8) + (-5)/20.
2
Calculate the remainder when (-9)/(-21) - (-30915)/189 is divided by 8.
4
Suppose 42*o - 47*o + 4*u = -364, 2*u = o - 74. What is the remainder when o is divided by 7?
2
Let i = 65 + -38. Suppose a + i = 4*a. Suppose -7*o + 4*o - 28 = -k, -3*o - a = 0. Calculate the remainder when k is divided by 10.
9
Let i = -159 + 197. Let p(r) = r**3 - 5*r**2 - 2*r - 4. What is the remainder when i is divided by p(6)?
18
Let d(m) = 14*m**2 - 2*m - 6. What is the remainder when d(-4) is divided by 57/(-12 - 216/(-16))?
36
Calculate the remainder when 76 is divided by -3 + 873/30 + (-3)/30.
24
Suppose 2*t = -3*j + 49, -34 - 19 = -3*j - t. What is the remainder when j is divided by (5 - 0) + (1 - 1)?
4
Let r = -166 + 198. Calculate the remainder when r is divided by 1/(69/33 + -2).
10
Let z = 1114 - 1082. Calculate the remainder when 293 is divided by z.
5
Suppose -4*q = -j + 2, 2 - 9 = 3*q + 2*j. Let s = 1 + 7. Let t = q + s. Calculate the remainder when t is divided by 4.
3
Let l = 17 + -25. Let q = 11 + -7. Calculate the remainder when 24/(-2)*l/16 is divided by q.
2
Let b = 50 + -43. Suppose b*a - 5 - 233 = 0. Let q = 3 - -4. Calculate the remainder when a is divided by q.
6
Let q(i) = -15*i + 28. Let p be q(-4). Suppose -21*c + p = -80. What is the remainder when c is divided by 6?
2
What is the remainder when 5*14/105*369 is divided by 31?
29
Suppose -h = 4*h - 90. Suppose 5*r - 220 = -0*r. What is the remainder when (-3)/((-92)/r + 2) is divided by h?
15
Let k = 416 + -350. What is the remainder when 152 is divided by k?
20
Let k(n) = 4*n**2 + 20*n - 3. Let f be k(-6). Suppose 4*t - 51 = f. Calculate the remainder when 29 is divided by t.
11
Suppose 0*s + 4 = 2*s. Suppose -4*d + 10 = s. Calculate the remainder when (-1)/d + (-500)/(-8) is divided by 9.
8
Let s = 18 + -13. Let p = -29 + -1. Let j = -18 - p. What is the remainder when j is divided by s?
2
Calculate the remainder when 74 is divided by (72/(-27) - -3)*(62 - -1).
11
Let j(t) = 3*t**2 + 12*t + 2. Calculate the remainder when 7 is divided by j(-4).
1
Let g = 555 + -550. Calculate the remainder when 22 is divided by g.
2
Suppose 0 = 2*o + 4*j - 58, -j = -0*o - 5*o + 90. Suppose 0 = -2*f - f + 18. What is the remainder when o is divided by (-42)/(-9) - (-2)/f?
4
Let s be (-114)/(-27) + (-2)/9. Suppose -s*j = -7*k + 6*k - 3, 0 = k - j - 6. What is the remainder when 43 is divided by k?
7
Suppose -369*c = -372*c + 165. What is the remainder when 110 is divided by c?
0
Suppose 15*d + 19*d = 442. What is the remainder when (-118)/(-6) + 2/6 is divided by d?
7
Let b(f) be the second derivative of -f**4/2 + 43*f**3/6 + 4*f**2 + 15*f. What is the remainder when 53 is divided by b(7)?
8
Let n be 5/((-15)/843) - -3. Let i = n + 171. Let x = -54 - i. What is the remainder when x is divided by 9?
8
Suppose 0 = 5*h + 5*x - 85, -8*x - 28 = -2*h - 4*x. Suppose h*i - 12*i = 100. What is the remainder when i is divided by 7?
4
Suppose -6 + 114 = -3*h. Let c = -22 + 47. Calculate the remainder when c is divided by (-2)/8 - 261/h.
4
Suppose 3*p = -p + 24. Let l(y) = -p - y + 7 + 10 + 2. Calculate the remainder when 5 is divided by l(9).
1
Suppose -6*i + 3*i = 36. What is the remainder when 15 is divided by (-12 + 7)*i/10?
3
Let p = -35 + 87. Let b = p + -8. What is the remainder when b is divided by 9?
8
Let g = -347 - -365. Calculate the remainder when 58 is divided by g.
4
What is the remainder when 203 is divided by 5/(((-50)/(-515))/2)?
100
Let f = 22 - 10. Let b be -1 - -1 - 9/(-3). Suppose -7*p = -b*p - 236. What is the remainder when p is divided by f?
11
Suppose 0 = -5*z + z + 20. Suppose -s + 22 = p, 70 = 3*s + z*p - p. What is the remainder when 70 is divided by s?
16
Let v(q) = -165*q + 385. What is the remainder when v(2) is divided by 30?
25
Let h = 28 - 24. Calculate the remainder when 49 is divided by (1 - 0)*9 + h.
10
Let t = 220 - 201. What is the remainder when t is divided by 13?
6
Let n = -347 + 510. Calculate the remainder when n is divided by 73.
17
Let p(f) = -2*f. Let a(c) = -4*c + 1. Let b(g) = 2*a(g) - 2*p(g). Let u(s) = -3*s - 2. Let x be u(2). What is the remainder when b(x) is divided by 12?
10
Suppose -30*b + 26*b = -104. Calculate the remainder when 324 is divided by b.
12
Let g be 1/(-3)*36/12. Suppose 4*i = -0*i + 24. Calculate the remainder when (-30)/(g - 0 - 1) is divided by i.
3
Let v(l) = -9*l**3 + 3*l**2 - l - 4. What is the remainder when v(-1) is divided by 3?
0
Let j be 3 + 4/(8/(-6)). Suppose j = d + 4 - 39. Suppose i + 4*i + 4*f - 103 = 0, 3*i - 59 = -f. Calculate the remainder when d is divided by i.
16
Suppose t + 2*j - 6 = -4*t, 2*t + 2*j = 0. Let x = 8 + t. What is the remainder when 39 is divided by x?
9
Suppose -3*c - 26 = -341. Suppose -131 = 3*q - 239. Calculate the remainder when c is divided by q.
33
Suppose 6*o = 5*o + 5*s - 5, o + s = 25. What is the remainder when 177 is divided by o?
17
Let n be (-96)/(-48) + (0 + 1 - 16). Let s = 122 - 72. Calculate the remainder when s is divided by (1 + 2 - 4)*n.
11
Let f be (20/25)/((-2)/(-5)). Let d = 5 + f. Calculate the remainder when ((-1)/((-1)/11))/1 is divided by d.
4
Suppose -5*k - 4*q - 13 = 2, -3*q - 6 = 2*k. Let v(p) = -8*p - 3. What is the remainder when 83 is divided by v(k)?
20
Let x be 5 - (1 - 1)/2. Suppose -x*s + 0*s + 15 = 0. Suppose 5*f - s = -18, -u + 2*f + 63 = 0. Calculate the remainder when u is divided by 30.
27
Let p(l) = l**3 + 5*l**2 - l. Let f(y) = -y**2 + 4*y + 7. Let o be f(6). What is the remainder when -7 + 7 - (-14 + 3) - -3 is divided by p(o)?
4
Suppose -4*c + 3*p + 41 = 9, 3*c - 5*p = 35. Let r(h) = c*h**2 + 2 - 5*h + h**3 - 5*h + 2*h + 0*h. What is the remainder when r(-6) is divided by 4?
2
Suppose 288 = 4*o - 8*d + 4*d, -4*d - 363 = -5*o. Calculate the remainder when o is divided by (-52)/10*(-5)/1.
23
Let d = -98 + 140. Let g = 411 - 402. Calculate the remainder when d is divided by g.
6
Suppose -3*g - 201 = -3*j, g = -j - 3*g + 62. Suppose o = -4*o + 90. What is the remainder when j